{"id":37,"date":"2016-05-08T04:57:00","date_gmt":"2016-05-08T04:57:00","guid":{"rendered":"http:\/\/demo.mysterythemes.com\/flexible\/?page_id=37"},"modified":"2024-11-13T07:38:29","modified_gmt":"2024-11-13T04:38:29","slug":"browser-compatible","status":"publish","type":"page","link":"http:\/\/emindenizli.com.tr\/?page_id=37","title":{"rendered":"Otomotiv Tedarik Zinciri \u0130\u015f M\u00fckemmelli\u011fi URGE Projesi"},"content":{"rendered":"<p>\u0130dealKo\u00e7 E\u011fitim Dan\u0131\u015fmanl\u0131k taraf\u0131ndan 2018 y\u0131l\u0131nda sertifikay\u0131 almaya hak kazand\u0131m.<\/p>\n<p><img loading=\"lazy\" decoding=\"async\" class=\"alignnone wp-image-187 size-full\" src=\"http:\/\/emindenizli.com.tr\/wp-content\/uploads\/2024\/11\/id1.png\" alt=\"\" width=\"1163\" height=\"798\" srcset=\"http:\/\/emindenizli.com.tr\/wp-content\/uploads\/2024\/11\/id1.png 1163w, http:\/\/emindenizli.com.tr\/wp-content\/uploads\/2024\/11\/id1-300x206.png 300w, http:\/\/emindenizli.com.tr\/wp-content\/uploads\/2024\/11\/id1-1024x703.png 1024w, http:\/\/emindenizli.com.tr\/wp-content\/uploads\/2024\/11\/id1-768x527.png 768w\" sizes=\"(max-width: 1163px) 100vw, 1163px\" \/> <img loading=\"lazy\" decoding=\"async\" class=\"alignnone wp-image-188 size-full\" src=\"http:\/\/emindenizli.com.tr\/wp-content\/uploads\/2024\/11\/id2.png\" alt=\"\" width=\"1164\" height=\"809\" srcset=\"http:\/\/emindenizli.com.tr\/wp-content\/uploads\/2024\/11\/id2.png 1164w, http:\/\/emindenizli.com.tr\/wp-content\/uploads\/2024\/11\/id2-300x209.png 300w, http:\/\/emindenizli.com.tr\/wp-content\/uploads\/2024\/11\/id2-1024x712.png 1024w, http:\/\/emindenizli.com.tr\/wp-content\/uploads\/2024\/11\/id2-768x534.png 768w\" sizes=\"(max-width: 1164px) 100vw, 1164px\" \/><\/p>\n","protected":false},"excerpt":{"rendered":"<p>Icing pudding brownie jelly-o carrot cake tart gummi bears sweet roll. Cake donut cotton candy sesame snaps croissant chocolate. Powder jujubes lollipop sweet roll oat<\/p>\n","protected":false},"author":1,"featured_media":0,"parent":0,"menu_order":0,"comment_status":"closed","ping_status":"closed","template":"templates\/flexible-lite-services.php","meta":{"footnotes":""},"_links":{"self":[{"href":"http:\/\/emindenizli.com.tr\/index.php?rest_route=\/wp\/v2\/pages\/37"}],"collection":[{"href":"http:\/\/emindenizli.com.tr\/index.php?rest_route=\/wp\/v2\/pages"}],"about":[{"href":"http:\/\/emindenizli.com.tr\/index.php?rest_route=\/wp\/v2\/types\/page"}],"author":[{"embeddable":true,"href":"http:\/\/emindenizli.com.tr\/index.php?rest_route=\/wp\/v2\/users\/1"}],"replies":[{"embeddable":true,"href":"http:\/\/emindenizli.com.tr\/index.php?rest_route=%2Fwp%2Fv2%2Fcomments&post=37"}],"version-history":[{"count":1,"href":"http:\/\/emindenizli.com.tr\/index.php?rest_route=\/wp\/v2\/pages\/37\/revisions"}],"predecessor-version":[{"id":189,"href":"http:\/\/emindenizli.com.tr\/index.php?rest_route=\/wp\/v2\/pages\/37\/revisions\/189"}],"wp:attachment":[{"href":"http:\/\/emindenizli.com.tr\/index.php?rest_route=%2Fwp%2Fv2%2Fmedia&parent=37"}],"curies":[{"name":"wp","href":"https:\/\/api.w.org\/{rel}","templated":true}]}}